{"id":14704,"date":"2021-12-13T12:21:49","date_gmt":"2021-12-13T12:21:49","guid":{"rendered":"http:\/\/www.abesata.org\/br\/?page_id=14704"},"modified":"2021-12-13T12:21:50","modified_gmt":"2021-12-13T12:21:50","slug":"anac-visita-sineata-e-abesata-sao-paulo-sp-03-dez-2021","status":"publish","type":"page","link":"https:\/\/www.abesata.org\/br\/anac-visita-sineata-e-abesata-sao-paulo-sp-03-dez-2021\/","title":{"rendered":"ANAC visita Sineata e Abesata &#8211; S\u00e3o Paulo SP &#8211; 03 dez.2021"},"content":{"rendered":"\n<figure class=\"wp-block-image size-large\"><img fetchpriority=\"high\" decoding=\"async\" width=\"1024\" height=\"738\" src=\"https:\/\/www.abesata.org\/br\/wp-content\/uploads\/2021\/12\/IMG_4933-1024x738.jpg\" alt=\"\" class=\"wp-image-14705\" srcset=\"https:\/\/www.abesata.org\/br\/wp-content\/uploads\/2021\/12\/IMG_4933-1024x738.jpg 1024w, https:\/\/www.abesata.org\/br\/wp-content\/uploads\/2021\/12\/IMG_4933-300x216.jpg 300w, https:\/\/www.abesata.org\/br\/wp-content\/uploads\/2021\/12\/IMG_4933-768x554.jpg 768w, https:\/\/www.abesata.org\/br\/wp-content\/uploads\/2021\/12\/IMG_4933-1536x1107.jpg 1536w, https:\/\/www.abesata.org\/br\/wp-content\/uploads\/2021\/12\/IMG_4933-2048x1476.jpg 2048w, https:\/\/www.abesata.org\/br\/wp-content\/uploads\/2021\/12\/IMG_4933-208x150.jpg 208w, https:\/\/www.abesata.org\/br\/wp-content\/uploads\/2021\/12\/IMG_4933-150x108.jpg 150w\" sizes=\"(max-width: 1024px) 100vw, 1024px\" \/><\/figure>\n","protected":false},"excerpt":{"rendered":"","protected":false},"author":135,"featured_media":0,"parent":0,"menu_order":0,"comment_status":"closed","ping_status":"closed","template":"","meta":{"footnotes":""},"class_list":["post-14704","page","type-page","status-publish","hentry"],"yoast_head":"<!-- This site is optimized with the Yoast SEO plugin v26.5 - https:\/\/yoast.com\/wordpress\/plugins\/seo\/ -->\n<title>ANAC visita Sineata e Abesata - S\u00e3o Paulo SP - 03 dez.2021 - Abesata<\/title>\n<meta name=\"robots\" content=\"index, follow, max-snippet:-1, max-image-preview:large, max-video-preview:-1\" \/>\n<link rel=\"canonical\" href=\"https:\/\/www.abesata.org\/br\/anac-visita-sineata-e-abesata-sao-paulo-sp-03-dez-2021\/\" \/>\n<meta property=\"og:locale\" content=\"pt_BR\" \/>\n<meta property=\"og:type\" content=\"article\" \/>\n<meta property=\"og:title\" content=\"ANAC visita Sineata e Abesata - S\u00e3o Paulo SP - 03 dez.2021 - Abesata\" \/>\n<meta property=\"og:url\" content=\"https:\/\/www.abesata.org\/br\/anac-visita-sineata-e-abesata-sao-paulo-sp-03-dez-2021\/\" \/>\n<meta property=\"og:site_name\" content=\"Abesata\" \/>\n<meta property=\"article:publisher\" content=\"https:\/\/www.facebook.com\/abesata.org\/\" \/>\n<meta property=\"article:modified_time\" content=\"2021-12-13T12:21:50+00:00\" \/>\n<meta property=\"og:image\" content=\"http:\/\/www.abesata.org\/br\/wp-content\/uploads\/2021\/12\/IMG_4933-1024x738.jpg\" \/>\n<meta name=\"twitter:card\" content=\"summary_large_image\" \/>\n<script type=\"application\/ld+json\" class=\"yoast-schema-graph\">{\"@context\":\"https:\/\/schema.org\",\"@graph\":[{\"@type\":\"WebPage\",\"@id\":\"https:\/\/www.abesata.org\/br\/anac-visita-sineata-e-abesata-sao-paulo-sp-03-dez-2021\/\",\"url\":\"https:\/\/www.abesata.org\/br\/anac-visita-sineata-e-abesata-sao-paulo-sp-03-dez-2021\/\",\"name\":\"ANAC visita Sineata e Abesata - S\u00e3o Paulo SP - 03 dez.2021 - Abesata\",\"isPartOf\":{\"@id\":\"https:\/\/www.abesata.org\/br\/#website\"},\"primaryImageOfPage\":{\"@id\":\"https:\/\/www.abesata.org\/br\/anac-visita-sineata-e-abesata-sao-paulo-sp-03-dez-2021\/#primaryimage\"},\"image\":{\"@id\":\"https:\/\/www.abesata.org\/br\/anac-visita-sineata-e-abesata-sao-paulo-sp-03-dez-2021\/#primaryimage\"},\"thumbnailUrl\":\"http:\/\/www.abesata.org\/br\/wp-content\/uploads\/2021\/12\/IMG_4933-1024x738.jpg\",\"datePublished\":\"2021-12-13T12:21:49+00:00\",\"dateModified\":\"2021-12-13T12:21:50+00:00\",\"breadcrumb\":{\"@id\":\"https:\/\/www.abesata.org\/br\/anac-visita-sineata-e-abesata-sao-paulo-sp-03-dez-2021\/#breadcrumb\"},\"inLanguage\":\"pt-BR\",\"potentialAction\":[{\"@type\":\"ReadAction\",\"target\":[\"https:\/\/www.abesata.org\/br\/anac-visita-sineata-e-abesata-sao-paulo-sp-03-dez-2021\/\"]}]},{\"@type\":\"ImageObject\",\"inLanguage\":\"pt-BR\",\"@id\":\"https:\/\/www.abesata.org\/br\/anac-visita-sineata-e-abesata-sao-paulo-sp-03-dez-2021\/#primaryimage\",\"url\":\"http:\/\/www.abesata.org\/br\/wp-content\/uploads\/2021\/12\/IMG_4933-1024x738.jpg\",\"contentUrl\":\"http:\/\/www.abesata.org\/br\/wp-content\/uploads\/2021\/12\/IMG_4933-1024x738.jpg\"},{\"@type\":\"BreadcrumbList\",\"@id\":\"https:\/\/www.abesata.org\/br\/anac-visita-sineata-e-abesata-sao-paulo-sp-03-dez-2021\/#breadcrumb\",\"itemListElement\":[{\"@type\":\"ListItem\",\"position\":1,\"name\":\"In\u00edcio\",\"item\":\"https:\/\/www.abesata.org\/br\/\"},{\"@type\":\"ListItem\",\"position\":2,\"name\":\"ANAC visita Sineata e Abesata &#8211; S\u00e3o Paulo SP &#8211; 03 dez.2021\"}]},{\"@type\":\"WebSite\",\"@id\":\"https:\/\/www.abesata.org\/br\/#website\",\"url\":\"https:\/\/www.abesata.org\/br\/\",\"name\":\"Abesata\",\"description\":\"Associa\u00e7\u00e3o Brasileira das Empresas de Servi\u00e7os Auxiliares de Transporte A\u00e9reo\",\"publisher\":{\"@id\":\"https:\/\/www.abesata.org\/br\/#organization\"},\"potentialAction\":[{\"@type\":\"SearchAction\",\"target\":{\"@type\":\"EntryPoint\",\"urlTemplate\":\"https:\/\/www.abesata.org\/br\/?s={search_term_string}\"},\"query-input\":{\"@type\":\"PropertyValueSpecification\",\"valueRequired\":true,\"valueName\":\"search_term_string\"}}],\"inLanguage\":\"pt-BR\"},{\"@type\":\"Organization\",\"@id\":\"https:\/\/www.abesata.org\/br\/#organization\",\"name\":\"Associa\u00e7\u00e3o Brasileira das Empresas de Servi\u00e7os Auxiliares de Transporte A\u00e9reo\",\"alternateName\":\"Abesata\",\"url\":\"https:\/\/www.abesata.org\/br\/\",\"logo\":{\"@type\":\"ImageObject\",\"inLanguage\":\"pt-BR\",\"@id\":\"https:\/\/www.abesata.org\/br\/#\/schema\/logo\/image\/\",\"url\":\"https:\/\/www.abesata.org\/br\/wp-content\/uploads\/2023\/10\/Abesata.png\",\"contentUrl\":\"https:\/\/www.abesata.org\/br\/wp-content\/uploads\/2023\/10\/Abesata.png\",\"width\":1063,\"height\":591,\"caption\":\"Associa\u00e7\u00e3o Brasileira das Empresas de Servi\u00e7os Auxiliares de Transporte A\u00e9reo\"},\"image\":{\"@id\":\"https:\/\/www.abesata.org\/br\/#\/schema\/logo\/image\/\"},\"sameAs\":[\"https:\/\/www.facebook.com\/abesata.org\/\",\"https:\/\/www.instagram.com\/abesata_gh\/\",\"https:\/\/br.linkedin.com\/company\/abesata\"]}]}<\/script>\n<!-- \/ Yoast SEO plugin. -->","yoast_head_json":{"title":"ANAC visita Sineata e Abesata - S\u00e3o Paulo SP - 03 dez.2021 - Abesata","robots":{"index":"index","follow":"follow","max-snippet":"max-snippet:-1","max-image-preview":"max-image-preview:large","max-video-preview":"max-video-preview:-1"},"canonical":"https:\/\/www.abesata.org\/br\/anac-visita-sineata-e-abesata-sao-paulo-sp-03-dez-2021\/","og_locale":"pt_BR","og_type":"article","og_title":"ANAC visita Sineata e Abesata - S\u00e3o Paulo SP - 03 dez.2021 - Abesata","og_url":"https:\/\/www.abesata.org\/br\/anac-visita-sineata-e-abesata-sao-paulo-sp-03-dez-2021\/","og_site_name":"Abesata","article_publisher":"https:\/\/www.facebook.com\/abesata.org\/","article_modified_time":"2021-12-13T12:21:50+00:00","og_image":[{"url":"http:\/\/www.abesata.org\/br\/wp-content\/uploads\/2021\/12\/IMG_4933-1024x738.jpg","type":"","width":"","height":""}],"twitter_card":"summary_large_image","schema":{"@context":"https:\/\/schema.org","@graph":[{"@type":"WebPage","@id":"https:\/\/www.abesata.org\/br\/anac-visita-sineata-e-abesata-sao-paulo-sp-03-dez-2021\/","url":"https:\/\/www.abesata.org\/br\/anac-visita-sineata-e-abesata-sao-paulo-sp-03-dez-2021\/","name":"ANAC visita Sineata e Abesata - S\u00e3o Paulo SP - 03 dez.2021 - Abesata","isPartOf":{"@id":"https:\/\/www.abesata.org\/br\/#website"},"primaryImageOfPage":{"@id":"https:\/\/www.abesata.org\/br\/anac-visita-sineata-e-abesata-sao-paulo-sp-03-dez-2021\/#primaryimage"},"image":{"@id":"https:\/\/www.abesata.org\/br\/anac-visita-sineata-e-abesata-sao-paulo-sp-03-dez-2021\/#primaryimage"},"thumbnailUrl":"http:\/\/www.abesata.org\/br\/wp-content\/uploads\/2021\/12\/IMG_4933-1024x738.jpg","datePublished":"2021-12-13T12:21:49+00:00","dateModified":"2021-12-13T12:21:50+00:00","breadcrumb":{"@id":"https:\/\/www.abesata.org\/br\/anac-visita-sineata-e-abesata-sao-paulo-sp-03-dez-2021\/#breadcrumb"},"inLanguage":"pt-BR","potentialAction":[{"@type":"ReadAction","target":["https:\/\/www.abesata.org\/br\/anac-visita-sineata-e-abesata-sao-paulo-sp-03-dez-2021\/"]}]},{"@type":"ImageObject","inLanguage":"pt-BR","@id":"https:\/\/www.abesata.org\/br\/anac-visita-sineata-e-abesata-sao-paulo-sp-03-dez-2021\/#primaryimage","url":"http:\/\/www.abesata.org\/br\/wp-content\/uploads\/2021\/12\/IMG_4933-1024x738.jpg","contentUrl":"http:\/\/www.abesata.org\/br\/wp-content\/uploads\/2021\/12\/IMG_4933-1024x738.jpg"},{"@type":"BreadcrumbList","@id":"https:\/\/www.abesata.org\/br\/anac-visita-sineata-e-abesata-sao-paulo-sp-03-dez-2021\/#breadcrumb","itemListElement":[{"@type":"ListItem","position":1,"name":"In\u00edcio","item":"https:\/\/www.abesata.org\/br\/"},{"@type":"ListItem","position":2,"name":"ANAC visita Sineata e Abesata &#8211; S\u00e3o Paulo SP &#8211; 03 dez.2021"}]},{"@type":"WebSite","@id":"https:\/\/www.abesata.org\/br\/#website","url":"https:\/\/www.abesata.org\/br\/","name":"Abesata","description":"Associa\u00e7\u00e3o Brasileira das Empresas de Servi\u00e7os Auxiliares de Transporte A\u00e9reo","publisher":{"@id":"https:\/\/www.abesata.org\/br\/#organization"},"potentialAction":[{"@type":"SearchAction","target":{"@type":"EntryPoint","urlTemplate":"https:\/\/www.abesata.org\/br\/?s={search_term_string}"},"query-input":{"@type":"PropertyValueSpecification","valueRequired":true,"valueName":"search_term_string"}}],"inLanguage":"pt-BR"},{"@type":"Organization","@id":"https:\/\/www.abesata.org\/br\/#organization","name":"Associa\u00e7\u00e3o Brasileira das Empresas de Servi\u00e7os Auxiliares de Transporte A\u00e9reo","alternateName":"Abesata","url":"https:\/\/www.abesata.org\/br\/","logo":{"@type":"ImageObject","inLanguage":"pt-BR","@id":"https:\/\/www.abesata.org\/br\/#\/schema\/logo\/image\/","url":"https:\/\/www.abesata.org\/br\/wp-content\/uploads\/2023\/10\/Abesata.png","contentUrl":"https:\/\/www.abesata.org\/br\/wp-content\/uploads\/2023\/10\/Abesata.png","width":1063,"height":591,"caption":"Associa\u00e7\u00e3o Brasileira das Empresas de Servi\u00e7os Auxiliares de Transporte A\u00e9reo"},"image":{"@id":"https:\/\/www.abesata.org\/br\/#\/schema\/logo\/image\/"},"sameAs":["https:\/\/www.facebook.com\/abesata.org\/","https:\/\/www.instagram.com\/abesata_gh\/","https:\/\/br.linkedin.com\/company\/abesata"]}]}},"_links":{"self":[{"href":"https:\/\/www.abesata.org\/br\/wp-json\/wp\/v2\/pages\/14704","targetHints":{"allow":["GET"]}}],"collection":[{"href":"https:\/\/www.abesata.org\/br\/wp-json\/wp\/v2\/pages"}],"about":[{"href":"https:\/\/www.abesata.org\/br\/wp-json\/wp\/v2\/types\/page"}],"author":[{"embeddable":true,"href":"https:\/\/www.abesata.org\/br\/wp-json\/wp\/v2\/users\/135"}],"replies":[{"embeddable":true,"href":"https:\/\/www.abesata.org\/br\/wp-json\/wp\/v2\/comments?post=14704"}],"version-history":[{"count":0,"href":"https:\/\/www.abesata.org\/br\/wp-json\/wp\/v2\/pages\/14704\/revisions"}],"wp:attachment":[{"href":"https:\/\/www.abesata.org\/br\/wp-json\/wp\/v2\/media?parent=14704"}],"curies":[{"name":"wp","href":"https:\/\/api.w.org\/{rel}","templated":true}]}}

ANAC visita Sineata e Abesata &#8211; São Paulo SP &#8211; 03 dez.2021

<!-- This site is optimized with the Yoast SEO plugin v26.5 - https://yoast.com/wordpress/plugins/seo/ -->
<title>ANAC visita Sineata e Abesata - São Paulo SP - 03 dez.2021 - Abesata</title>
<meta name="robots" content="index, follow, max-snippet:-1, max-image-preview:large, max-video-preview:-1" />
<link rel="canonical" href="https://www.abesata.org/br/anac-visita-sineata-e-abesata-sao-paulo-sp-03-dez-2021/" />
<meta property="og:locale" content="pt_BR" />
<meta property="og:type" content="article" />
<meta property="og:title" content="ANAC visita Sineata e Abesata - São Paulo SP - 03 dez.2021 - Abesata" />
<meta property="og:url" content="https://www.abesata.org/br/anac-visita-sineata-e-abesata-sao-paulo-sp-03-dez-2021/" />
<meta property="og:site_name" content="Abesata" />
<meta property="article:publisher" content="https://www.facebook.com/abesata.org/" />
<meta property="article:modified_time" content="2021-12-13T12:21:50+00:00" />
<meta property="og:image" content="http://www.abesata.org/br/wp-content/uploads/2021/12/IMG_4933-1024x738.jpg" />
<meta name="twitter:card" content="summary_large_image" />
<script type="application/ld+json" class="yoast-schema-graph">{"@context":"https://schema.org","@graph":[{"@type":"WebPage","@id":"https://www.abesata.org/br/anac-visita-sineata-e-abesata-sao-paulo-sp-03-dez-2021/","url":"https://www.abesata.org/br/anac-visita-sineata-e-abesata-sao-paulo-sp-03-dez-2021/","name":"ANAC visita Sineata e Abesata - São Paulo SP - 03 dez.2021 - Abesata","isPartOf":{"@id":"https://www.abesata.org/br/#website"},"primaryImageOfPage":{"@id":"https://www.abesata.org/br/anac-visita-sineata-e-abesata-sao-paulo-sp-03-dez-2021/#primaryimage"},"image":{"@id":"https://www.abesata.org/br/anac-visita-sineata-e-abesata-sao-paulo-sp-03-dez-2021/#primaryimage"},"thumbnailUrl":"http://www.abesata.org/br/wp-content/uploads/2021/12/IMG_4933-1024x738.jpg","datePublished":"2021-12-13T12:21:49+00:00","dateModified":"2021-12-13T12:21:50+00:00","breadcrumb":{"@id":"https://www.abesata.org/br/anac-visita-sineata-e-abesata-sao-paulo-sp-03-dez-2021/#breadcrumb"},"inLanguage":"pt-BR","potentialAction":[{"@type":"ReadAction","target":["https://www.abesata.org/br/anac-visita-sineata-e-abesata-sao-paulo-sp-03-dez-2021/"]}]},{"@type":"ImageObject","inLanguage":"pt-BR","@id":"https://www.abesata.org/br/anac-visita-sineata-e-abesata-sao-paulo-sp-03-dez-2021/#primaryimage","url":"http://www.abesata.org/br/wp-content/uploads/2021/12/IMG_4933-1024x738.jpg","contentUrl":"http://www.abesata.org/br/wp-content/uploads/2021/12/IMG_4933-1024x738.jpg"},{"@type":"BreadcrumbList","@id":"https://www.abesata.org/br/anac-visita-sineata-e-abesata-sao-paulo-sp-03-dez-2021/#breadcrumb","itemListElement":[{"@type":"ListItem","position":1,"name":"Início","item":"https://www.abesata.org/br/"},{"@type":"ListItem","position":2,"name":"ANAC visita Sineata e Abesata &#8211; São Paulo SP &#8211; 03 dez.2021"}]},{"@type":"WebSite","@id":"https://www.abesata.org/br/#website","url":"https://www.abesata.org/br/","name":"Abesata","description":"Associação Brasileira das Empresas de Serviços Auxiliares de Transporte Aéreo","publisher":{"@id":"https://www.abesata.org/br/#organization"},"potentialAction":[{"@type":"SearchAction","target":{"@type":"EntryPoint","urlTemplate":"https://www.abesata.org/br/?s={search_term_string}"},"query-input":{"@type":"PropertyValueSpecification","valueRequired":true,"valueName":"search_term_string"}}],"inLanguage":"pt-BR"},{"@type":"Organization","@id":"https://www.abesata.org/br/#organization","name":"Associação Brasileira das Empresas de Serviços Auxiliares de Transporte Aéreo","alternateName":"Abesata","url":"https://www.abesata.org/br/","logo":{"@type":"ImageObject","inLanguage":"pt-BR","@id":"https://www.abesata.org/br/#/schema/logo/image/","url":"https://www.abesata.org/br/wp-content/uploads/2023/10/Abesata.png","contentUrl":"https://www.abesata.org/br/wp-content/uploads/2023/10/Abesata.png","width":1063,"height":591,"caption":"Associação Brasileira das Empresas de Serviços Auxiliares de Transporte Aéreo"},"image":{"@id":"https://www.abesata.org/br/#/schema/logo/image/"},"sameAs":["https://www.facebook.com/abesata.org/","https://www.instagram.com/abesata_gh/","https://br.linkedin.com/company/abesata"]}]}</script>
<!-- / Yoast SEO plugin. -->

ANAC visita Sineata e Abesata - São Paulo SP - 03 dez.2021 - Abesata

Início

Associação Brasileira das Empresas de Serviços Auxiliares de Transporte Aéreo
